 + 18. Let a be h(13). Let w = c - a. Let b(x) = x**3 + x - 1. Give b(w).
9
Let l(p) be the second derivative of -p**4/12 + p**3/2 + 19*p + 15. Calculate l(5).
-10
Let b(c) = -c - 3. Let t(i) = -6 + 15 - i - 5 - 6. Let y(r) = 5*b(r) - 6*t(r). Calculate y(7).
4
Let c = 242 - 242. Let f(p) = p**3 + p**2 - p + 35. What is f(c)?
35
Let i(j) = j**3 - 10*j**2 - 18*j + 19. Let d(n) = -n**3 + 10*n**2 + 17*n - 25. Let h(x) = 3*d(x) + 2*i(x). Calculate h(11).
7
Let v be 2/5 + (-2)/5. Let u be (4 + -1)*21/9. Let t(s) = s + 2 - 4 - u*s**3 + 6*s**3. Give t(v).
-2
Let o(a) be the first derivative of -a**3/3 - a**2/2 + a + 1. Suppose x = 3*h + 13, -x = 3*h - 11 + 16. Give o(h).
-5
Let b(h) = h - 11. Suppose 0 = 3*l + 2*l - 2*m + 48, -5*l - 56 = -4*m. Let c = -6 - l. Suppose -3*a - c*i + 15 = i, -2*a + 3*i = 15. Give b(a).
-11
Let x(l) = -8*l**2 - 14*l + 12. Let t(n) = 3*n**2 + 5*n - 4. Let v(z) = -11*t(z) - 4*x(z). Calculate v(0).
-4
Let i be (0/2 - 2) + 4. Let z(a) = 2 - i + 4*a + 0. Let w(c) = -2*c. Let b be w(1). Determine z(b).
-8
Let w be 5*-1*744/30. Let g be 0 + w/14 - 1/7. Let j(b) = b**3 + 8*b**2 - 8*b + 13. Calculate j(g).
4
Let w(z) be the second derivative of z**5/20 + 7*z**4/12 + z**3 - 3*z**2 - 10*z - 1. Suppose k - 12 = 3*k. Give w(k).
-6
Let q = -29 + 17. Let k be (-18)/15*(-80)/q. Let g(j) = j + 7. What is g(k)?
-1
Let q(z) = -5*z**2 - 8*z - 5. Let w(k) = k**2 + k + 1. Let v(d) = -3*d**2 + 37*d - 11. Let m be v(12). Let j(u) = m*q(u) + 6*w(u). What is j(3)?
4
Suppose 16 - 24 = -8*s. Let q(y) = y - 2. Let u(r) = 2*r**2 - 4*r**2 + r**2. Let b(z) = s*q(z) - 2*u(z). Determine b(-2).
4
Let x(o) = 39*o**3 - 2*o - 1. Suppose 0 = 4*y + d + 1, y + 2 = -3*d + 10. Determine x(y).
-38
Let x(q) = -25*q - 4. Let u be x(2). Let d = u + 43. Let y(a) = -a - 9. Give y(d).
2
Let y(q) = 4*q**3 + 6 + 16*q**2 - 5*q**3 - 15*q**2. Let p(j) = -j - 5. Let g be p(-5). Calculate y(g).
6
Let a(m) = 2*m**2 - 12*m - 7. Let x(d) = -3*d**2 + 12*d + 8. Let u(j) = -4*a(j) - 3*x(j). Determine u(-11).
-7
Let a(o) be the first derivative of o**7/840 + o**6/60 - o**5/24 + o**4/6 + 5*o**3 + 14. Let y(n) be the third derivative of a(n). Calculate y(-7).
-10
Let h(p) = -5*p - 13. Let o(l) = 5*l + 13. Let z(y) = 5*h(y) + 6*o(y). Let a be z(5). Let q(b) = -b**3 + 0*b - 41 - b + 2*b**3 + a. Determine q(0).
-3
Let y(s) = 2*s**2 + 31*s + 23*s + 27*s - 85*s + 10 - 3*s**2. What is y(-6)?
-2
Suppose -2 + 6 = -2*y, 2*j + 4*y + 4 = 0. Let l(a) = -a**3 + 12*a**2 - 11*a. Let f be l(11). Let z(p) = f*p**2 - 5*p - 3*p**j - 5 + 2*p**2. Give z(-5).
-5
Let g(n) be the first derivative of -3*n**4/4 - 2*n**3/3 + 2*n + 550. Give g(-2).
18
Let p(t) = -t + 1. Let v(r) = -2*r**2 - 6*r - 3. Let z be v(-4). Let o(c) = c**3 - 2*c**2 - 2*c - 2. Let s be o(4). Let w be 2/z + (-84)/s. Give p(w).
5
Let q = -41 - -48. Let h(b) be the third derivative of b**4/24 - b**3/6 - 71*b**2. What is h(q)?
6
Let y(p) = p**3 + 2*p + 248 + 3*p - 15*p - 9*p**2 - 236. Suppose 2*f + 3*x - x - 10 = 0, 5*f - 35 = -3*x. Calculate y(f).
12
Suppose 2*t + 4*x = -44, t = 2*x - 6 - 16. Let d = -20 - t. Let m(r) = -4*r**3 - 9*r**d + 6*r**3 - r**3 + 3*r**2 + 5 - r. Calculate m(6).
-1
Let k = -63 - -67. Let z(o) = 69*o - o**3 + 1 + 0 + 3*o**2 - k*o**2 - 66*o. What is z(-3)?
10
Suppose 2*x = 3*g, -4*g + 0 + 8 = 0. Let u be (-6)/(3*2/(-4)). Let m(q) = 18*q + 3 - q**3 - 18*q + u*q**2 - 2*q**2. Determine m(x).
-6
Let h(r) = 22*r**3 + r**2 - 4*r + 7. Let d(m) = -15*m**3 - m**2 + 3*m - 5. Let j(a) = -7*d(a) - 5*h(a). Suppose w + w - 10 = 4*z, 3*z + 11 = 5*w. What is j(w)?
-4
Let p(d) = -d + 2. Let y = 61 - 15. Let u = y + -38. Give p(u).
-6
Let k(p) = p**2 - 3*p + 1. Suppose -4*b - 5 = -3*a + b, b + 25 = 3*a. Let v be (-78)/130 - (-36)/a. What is k(v)?
1
Let g(z) be the third derivative of 1/60*z**5 + 7/24*z**4 + 0*z + 0 - 7/6*z**3 - 28*z**2. Calculate g(-6).
-13
Let f(n) = n**3 - 8*n**2 + 12*n + 9. Suppose -16*r + 3 = 2*o - 19*r, -3*r + 15 = o. Calculate f(o).
9
Let j(u) = u**3 + u**2 + u. Let b(a) = 2*a**3 + 3*a**2 + 5*a + 1. Let n(l) = b(l) - 3*j(l). Let p = -62 + 64. Give n(p).
-3
Let y(q) = -q**3 + 3*q**2 + 3*q - 7. Suppose -412 + 382 = -10*s. Calculate y(s).
2
Let b(a) be the first derivative of 7*a**2/2 + a + 190. Calculate b(-1).
-6
Suppose 8 = 3*m - 6*z + 2*z, 4*m - 3*z = 6. Let p(c) be the third derivative of 2*c**3 + m*c**4 + 0*c + c**2 + 0 + 1/60*c**5. Give p(0).
12
Let c(x) = -x - 2. Suppose 0 + 6 = -j. Let d be c(j). Let v(i) be the second derivative of i**3/2 - 7138*i. Determine v(d).
12
Let p(a) = -a**3 + a**2 + a + 2. Let q = 20 + -11. Let w(l) = 19 - l - q + 6. Let o be w(14). Determine p(o).
0
Let c(f) = -f**3 + 5*f**2 - 4*f + 2. Let p(j) be the second derivative of -j**5/20 + j**4 + 5*j**3/2 - 23*j**2/2 - 9*j. Let o be p(13). Calculate c(o).
8
Let p(k) = 7*k + 5. Let g(q) = -5*q - 3. Let x(d) = 8*g(d) + 5*p(d). Give x(1).
-4
Let d(p) = -p - 186 + 92 + 98. Give d(10).
-6
Let d be 29 - (6/(-3))/(-2). Suppose -2*j + d = 2*j. Let c(k) = -4*k. Let f(b) = -11*b. Let z(s) = 8*c(s) - 3*f(s). Calculate z(j).
7
Let i be (-9 - -3) + 5 + -4*2. Let l = -8 - i. Let y(o) be the first derivative of -7*o**4/4 + o**3/3 - o**2/2 + o + 1. Determine y(l).
-6
Let m = -14 - -14. Let g(j) = m*j - 2 - 1 - 4*j - j. Let q be (-4)/24*2*6. Give g(q).
7
Let m be 2*(-1 - ((-20)/8)/(-1)). Let z(d) = d**3 + 8*d**2 + 5*d + 9. Calculate z(m).
23
Let d(p) be the third derivative of p**5/60 - p**4/12 - 7*p**3/6 + 890*p**2. Let z be (1 - 0)*6 - 0. Calculate d(z).
17
Let r(n) be the first derivative of 1/3*n**3 - 3/2*n**2 + 9 + 4*n. What is r(3)?
4
Let n(a) = 3*a**3 + 18*a**2 + 6*a + 32. Let g(y) = -y**3 - 6*y**2 - 2*y - 11. Let z(m) = 17*g(m) + 6*n(m). Suppose 13*j + 53 + 25 = 0. What is z(j)?
-7
Let z(q) = 1449*q**2 + 4*q + 4 - 720*q**2 - 727*q**2. Calculate z(-2).
4
Suppose 3*a + 3*q + 76 - 13 = 0, -a - 21 = 2*q. Let d be (7/a)/((-1)/9) - -3. Let y(n) = n**3 - 6*n**2 + 2*n - 5. Determine y(d).
7
Let y be 6/2 - 2 - -1. Let t be y/10 + (-27)/(-15). Suppose 3*o + 5 = -n - t*o, 3*n + 15 = -4*o. Let w(z) = -z**2 - 2*z + 5. Calculate w(n).
-10
Let v be (-11 - 344/(-32))*(0 + -12). Let y(j) = -j**2 + 6*j - 3. Give y(v).
6
Let a(x) = -8*x + 0*x - 4*x - 19*x - x. Determine a(1).
-32
Suppose -4*n + 10*n + 7*n = 0. Let y(b) = -3*b + 3*b - b - b**2 + 11. Determine y(n).
11
Let q be (-1 - 0)/((-4)/12). Let d be (13/(-3) - -4)*q. Let u(o) = 3*o**2 + 1. Give u(d).
4
Let c(r) = r + 5 + 0*r + 3 - 3. Suppose 52 = -4*k - 4*w, -3*w + 33 = -289*k + 284*k. What is c(k)?
-4
Let a(o) = 2*o**2 + o - 11*o**2 + 8*o**2. Let b(y) = y**3 + 7*y**2 + 5*y + 4. Let z(j) = -a(j) - b(j). Suppose -t = 3 + 2. Calculate z(t).
1
Let f(g) be the third derivative of -g**4/12 + g**3/6 + 4*g**2 - 2. Give f(-6).
13
Let p(j) = 2*j**3 - 3*j**2 + 2. Let t(x) = 21*x - 250. Let w be t(12). Determine p(w).
6
Let r(a) = a. Suppose -7 = -4*o + 2*s - 11, 2 = -2*o + 4*s. Let y(x) = x**2 + 3*x + 4. Let t(d) = o*y(d) + 6*r(d). Give t(6).
-22
Suppose 25 = 5*q, -16 - 9 = 4*r - q. Let g(n) be the first derivative of 1/3*n**3 + 3/2*n**2 + 0*n - 7. Determine g(r).
10
Let q(a) = -a - 5. Let x = -61 - -54. Let i be -2 - 11*(0 - -1). Let d = i - x. What is q(d)?
1
Suppose 0 = 3*d - 0 - 12. Let k(l) = -4*l - 6. Let g(a) = 4*a + 10. Let f(b) = 2*g(b) + 3*k(b). Determine f(d).
-14
Suppose 5*b = b - b. Let s(i) = 4*i**2 + 38*i - i**3 - 33*i + b*i**2 + 5. Let z(u) = -6*u - 1. Let q be z(-1). Calculate s(q).
5
Let y = -13 - -13. Suppose y = 4*d + 6 - 26, -5*v - 3*d = -30. Let a(x) = -3 + 6*x - x**2 - 7*x + v. Calculate a(-2).
-2
Let w(s) = -s**3 + s**2 - 19 - s - 13 + 2*s + 24. What is w(0)?
-8
Let m(l) = l**3 + 14*l**2 + 12*l - 13. Let z(y) = 3*y**3 + 31*y**2 + 25*y - 26. Let f(b) = 5*m(b) - 2*z(b). Give f(9).
-4
Suppose b = -0*b + 8. Suppose b*l = 13*l + 15. Let r(s) = s**3 + 2*s**2 - s + 2. Give r(l).
-4
Suppose 42*u = 54*u + 84. Let r(v) = 1 + 2*v - 4 - 3 - 3*v. Calculate r(u).
1
Let x(j) = 2*j - 3 + 0*j - 5. Suppose -5*k = 10, -7*b - 2*k - 16 = -3*b. Let z be (-7)/(-21) + (-17)/b. Give x(z).
4
Let h(d) be the second derivative of d**4/12 + 7*d**3/6 + 2*d**2 + 16*d. Give h(-5).
-6
Let i(r) = -r**2 + 2*r + 7. Suppose 0*w = 3*w + 4*b - 6, w - 12 = 2*b. Determine i(w).
-17
Let a(j) = j - 10. Let w be ((-2)/6)/(6/(-72)). Suppo